{"id":103,"date":"2026-04-16T07:53:42","date_gmt":"2026-04-16T05:53:42","guid":{"rendered":"https:\/\/votreia.fr\/?page_id=103"},"modified":"2026-04-16T19:58:58","modified_gmt":"2026-04-16T17:58:58","slug":"contact","status":"publish","type":"page","link":"https:\/\/votreia.fr\/?page_id=103","title":{"rendered":"Contact"},"content":{"rendered":"\t\t<div data-elementor-type=\"wp-page\" data-elementor-id=\"103\" class=\"elementor elementor-103\" data-elementor-post-type=\"page\">\n\t\t\t\t<div class=\"elementor-element elementor-element-7e07cfb e-con-full e-flex e-con e-parent\" data-id=\"7e07cfb\" data-element_type=\"container\" data-e-type=\"container\" data-settings=\"{&quot;background_background&quot;:&quot;classic&quot;}\">\n\t\t\t\t<div class=\"elementor-element elementor-element-12ed0e4 elementor-widget elementor-widget-text-editor\" data-id=\"12ed0e4\" data-element_type=\"widget\" data-e-type=\"widget\" data-widget_type=\"text-editor.default\">\n\t\t\t\t\t\t\t\t\t<p style=\"display:inline-block;background:rgba(45,106,79,0.2);color:#52b788;padding:8px 24px;border-radius:30px;font-size:13px;font-weight:600;letter-spacing:2px;text-transform:uppercase;border:1px solid rgba(82,183,136,0.3);\">\ud83d\udcec Contactez-nous<\/p>\t\t\t\t\t\t\t\t<\/div>\n\t\t\t\t<div class=\"elementor-element elementor-element-adb3c9d elementor-widget elementor-widget-heading\" data-id=\"adb3c9d\" data-element_type=\"widget\" data-e-type=\"widget\" data-widget_type=\"heading.default\">\n\t\t\t\t\t<h1 class=\"elementor-heading-title elementor-size-default\">Pr\u00eat \u00e0 transformer votre quotidien de coach ?<\/h1>\t\t\t\t<\/div>\n\t\t\t\t<div class=\"elementor-element elementor-element-38f6825 elementor-widget elementor-widget-text-editor\" data-id=\"38f6825\" data-element_type=\"widget\" data-e-type=\"widget\" data-widget_type=\"text-editor.default\">\n\t\t\t\t\t\t\t\t\t<p style=\"color: #aaaaaa; font-size: 20px; max-width: 600px; margin: 20px auto 0;\">R\u00e9servez une d\u00e9mo ou posez toutes vos questions \u2014 r\u00e9ponse sous 24h garantie.<\/p>\t\t\t\t\t\t\t\t<\/div>\n\t\t\t\t<\/div>\n\t\t<div class=\"elementor-element elementor-element-ea38d84 e-con-full e-flex e-con e-parent\" data-id=\"ea38d84\" data-element_type=\"container\" data-e-type=\"container\" data-settings=\"{&quot;background_background&quot;:&quot;classic&quot;}\">\n\t\t<div class=\"elementor-element elementor-element-b66e381 e-con-full e-flex e-con e-child\" data-id=\"b66e381\" data-element_type=\"container\" data-e-type=\"container\">\n\t\t\t\t<div class=\"elementor-element elementor-element-a55aa83 elementor-widget elementor-widget-heading\" data-id=\"a55aa83\" data-element_type=\"widget\" data-e-type=\"widget\" data-widget_type=\"heading.default\">\n\t\t\t\t\t<h2 class=\"elementor-heading-title elementor-size-default\">Pourquoi travailler avec nous ?<\/h2>\t\t\t\t<\/div>\n\t\t\t\t<div class=\"elementor-element elementor-element-a1b0236 elementor-widget elementor-widget-text-editor\" data-id=\"a1b0236\" data-element_type=\"widget\" data-e-type=\"widget\" data-widget_type=\"text-editor.default\">\n\t\t\t\t\t\t\t\t\t<div style=\"display: flex; flex-direction: column; gap: 20px;\"><div style=\"display: flex; align-items: flex-start; gap: 16px; padding: 20px; background: white; border-radius: 12px; box-shadow: 0 2px 15px rgba(0,0,0,0.05);\"><span style=\"background: #2d6a4f; color: white; width: 44px; height: 44px; border-radius: 12px; display: flex; align-items: center; justify-content: center; font-size: 20px; flex-shrink: 0;\">\u26a1<\/span><div><strong style=\"font-size: 16px; color: #1a1a1a; display: block; margin-bottom: 4px;\">G\u00e9n\u00e9ration en secondes<\/strong><br \/><span style=\"color: #666; font-size: 14px; line-height: 1.5;\">Programmes, posts Instagram, suivis clients \u2014 cr\u00e9\u00e9s instantan\u00e9ment<\/span><\/div><\/div><div style=\"display: flex; align-items: flex-start; gap: 16px; padding: 20px; background: white; border-radius: 12px; box-shadow: 0 2px 15px rgba(0,0,0,0.05);\"><span style=\"background: #2d6a4f; color: white; width: 44px; height: 44px; border-radius: 12px; display: flex; align-items: center; justify-content: center; font-size: 20px; flex-shrink: 0;\">\ud83d\udee1\ufe0f<\/span><div><strong style=\"font-size: 16px; color: #1a1a1a; display: block; margin-bottom: 4px;\">Garantie 30 jours<\/strong><br \/><span style=\"color: #666; font-size: 14px; line-height: 1.5;\">Satisfait ou rembours\u00e9, sans aucune condition ni question<\/span><\/div><\/div><div style=\"display: flex; align-items: flex-start; gap: 16px; padding: 20px; background: white; border-radius: 12px; box-shadow: 0 2px 15px rgba(0,0,0,0.05);\"><span style=\"background: #2d6a4f; color: white; width: 44px; height: 44px; border-radius: 12px; display: flex; align-items: center; justify-content: center; font-size: 20px; flex-shrink: 0;\">\ud83e\udd1d<\/span><div><strong style=\"font-size: 16px; color: #1a1a1a; display: block; margin-bottom: 4px;\">Accompagnement humain<\/strong><br \/><span style=\"color: #666; font-size: 14px; line-height: 1.5;\">Un vrai suivi personnalis\u00e9 pour votre succ\u00e8s<\/span><\/div><\/div><div style=\"display: flex; align-items: flex-start; gap: 16px; padding: 20px; background: white; border-radius: 12px; box-shadow: 0 2px 15px rgba(0,0,0,0.05);\"><span style=\"background: #2d6a4f; color: white; width: 44px; height: 44px; border-radius: 12px; display: flex; align-items: center; justify-content: center; font-size: 20px; flex-shrink: 0;\">\ud83d\udcf1<\/span><div><strong style=\"font-size: 16px; color: #1a1a1a; display: block; margin-bottom: 4px;\">R\u00e9ponse sous 24h<\/strong><br \/><span style=\"color: #666; font-size: 14px; line-height: 1.5;\">Notre \u00e9quipe est disponible du lundi au vendredi<\/span><\/div><\/div><\/div>\t\t\t\t\t\t\t\t<\/div>\n\t\t\t\t<\/div>\n\t\t<div class=\"elementor-element elementor-element-d64b59d e-con-full e-flex e-con e-child\" data-id=\"d64b59d\" data-element_type=\"container\" data-e-type=\"container\">\n\t\t\t\t<div class=\"elementor-element elementor-element-2c74f61 elementor-widget elementor-widget-heading\" data-id=\"2c74f61\" data-element_type=\"widget\" data-e-type=\"widget\" data-widget_type=\"heading.default\">\n\t\t\t\t\t<h3 class=\"elementor-heading-title elementor-size-default\">\u2709\ufe0f Envoyez-nous un message<\/h3>\t\t\t\t<\/div>\n\t\t\t\t<div class=\"elementor-element elementor-element-db5fd50 elementor-widget elementor-widget-text-editor\" data-id=\"db5fd50\" data-element_type=\"widget\" data-e-type=\"widget\" data-widget_type=\"text-editor.default\">\n\t\t\t\t\t\t\t\t\t<p style=\"color:#666;font-size:15px;margin-bottom:10px;\">Nous vous r\u00e9pondons personnellement dans les 24 heures.<\/p>\t\t\t\t\t\t\t\t<\/div>\n\t\t\t\t<div class=\"elementor-element elementor-element-5595734 elementor-widget elementor-widget-shortcode\" data-id=\"5595734\" data-element_type=\"widget\" data-e-type=\"widget\" data-widget_type=\"shortcode.default\">\n\t\t\t\t\t\t\t<div class=\"elementor-shortcode\"><style id=\"wpforms-css-vars-98\">\n\t\t\t\t#wpforms-98 {\n\t\t\t\t--wpforms-container-padding: 0px;\n--wpforms-container-border-width: 1px;\n--wpforms-container-border-radius: 3px;\n--wpforms-background-color: rgba(0, 0, 0, 0);\n--wpforms-field-size-input-height: 43px;\n--wpforms-field-size-input-spacing: 15px;\n--wpforms-field-size-font-size: 16px;\n--wpforms-field-size-line-height: 19px;\n--wpforms-field-size-padding-h: 14px;\n--wpforms-field-size-checkbox-size: 16px;\n--wpforms-field-size-sublabel-spacing: 5px;\n--wpforms-field-size-icon-size: 1;\n--wpforms-label-size-font-size: 16px;\n--wpforms-label-size-line-height: 19px;\n--wpforms-label-size-sublabel-font-size: 14px;\n--wpforms-label-size-sublabel-line-height: 17px;\n--wpforms-button-size-font-size: 17px;\n--wpforms-button-size-height: 41px;\n--wpforms-button-size-padding-h: 15px;\n--wpforms-button-size-margin-top: 10px;\n--wpforms-container-shadow-size-box-shadow: none;\n\t\t\t}\n\t\t\t<\/style><div class=\"wpforms-container wpforms-container-full wpforms-render-modern\" id=\"wpforms-98\"><form id=\"wpforms-form-98\" class=\"wpforms-validate wpforms-form wpforms-ajax-form\" data-formid=\"98\" method=\"post\" enctype=\"multipart\/form-data\" action=\"\/index.php?rest_route=%2Fwp%2Fv2%2Fpages%2F103\" data-token=\"48de74d6c6110f63484747b13016ad08\" data-token-time=\"1776375945\"><noscript class=\"wpforms-error-noscript\">Veuillez activer JavaScript dans votre navigateur pour remplir ce formulaire.<\/noscript><div id=\"wpforms-error-noscript\" style=\"display: none;\">Veuillez activer JavaScript dans votre navigateur pour remplir ce formulaire.<\/div><div class=\"wpforms-field-container\">\t\t<div id=\"wpforms-98-field_4-container\"\n\t\t\tclass=\"wpforms-field wpforms-field-text\"\n\t\t\tdata-field-type=\"text\"\n\t\t\tdata-field-id=\"4\"\n\t\t\t>\n\t\t\t<label class=\"wpforms-field-label\" for=\"wpforms-98-field_4\" >Commentaire Nom message<\/label>\n\t\t\t<input type=\"text\" id=\"wpforms-98-field_4\" class=\"wpforms-field-medium\" name=\"wpforms[fields][4]\" >\n\t\t<\/div>\n\t\t<div id=\"wpforms-98-field_1-container\" class=\"wpforms-field wpforms-field-name\" data-field-id=\"1\"><fieldset><legend class=\"wpforms-field-label\">Nom <span class=\"wpforms-required-label\" aria-hidden=\"true\">*<\/span><\/legend><div class=\"wpforms-field-row wpforms-field-medium\"><div class=\"wpforms-field-row-block wpforms-first wpforms-one-half\"><input type=\"text\" id=\"wpforms-98-field_1\" class=\"wpforms-field-name-first wpforms-field-required\" name=\"wpforms[fields][1][first]\" aria-errormessage=\"wpforms-98-field_1-error\" required><label for=\"wpforms-98-field_1\" class=\"wpforms-field-sublabel after\">Pr\u00e9nom<\/label><\/div><div class=\"wpforms-field-row-block wpforms-one-half\"><input type=\"text\" id=\"wpforms-98-field_1-last\" class=\"wpforms-field-name-last wpforms-field-required\" name=\"wpforms[fields][1][last]\" aria-errormessage=\"wpforms-98-field_1-last-error\" required><label for=\"wpforms-98-field_1-last\" class=\"wpforms-field-sublabel after\">Nom<\/label><\/div><\/div><\/fieldset><\/div><div id=\"wpforms-98-field_2-container\" class=\"wpforms-field wpforms-field-email\" data-field-id=\"2\"><label class=\"wpforms-field-label\" for=\"wpforms-98-field_2\">E-mail <span class=\"wpforms-required-label\" aria-hidden=\"true\">*<\/span><\/label><input type=\"email\" id=\"wpforms-98-field_2\" class=\"wpforms-field-medium wpforms-field-required\" name=\"wpforms[fields][2]\" spellcheck=\"false\" aria-errormessage=\"wpforms-98-field_2-error\" required><\/div><div id=\"wpforms-98-field_3-container\" class=\"wpforms-field wpforms-field-textarea\" data-field-id=\"3\"><label class=\"wpforms-field-label\" for=\"wpforms-98-field_3\">Commentaire ou message<\/label><textarea id=\"wpforms-98-field_3\" class=\"wpforms-field-medium\" name=\"wpforms[fields][3]\" aria-errormessage=\"wpforms-98-field_3-error\" ><\/textarea><\/div><script>\n\t\t\t\t( function() {\n\t\t\t\t\tconst style = document.createElement( 'style' );\n\t\t\t\t\tstyle.appendChild( document.createTextNode( '#wpforms-98-field_4-container { position: absolute !important; overflow: hidden !important; display: inline !important; height: 1px !important; width: 1px !important; z-index: -1000 !important; padding: 0 !important; } #wpforms-98-field_4-container input { visibility: hidden; } #wpforms-conversational-form-page #wpforms-98-field_4-container label { counter-increment: none; }' ) );\n\t\t\t\t\tdocument.head.appendChild( style );\n\t\t\t\t\tdocument.currentScript?.remove();\n\t\t\t\t} )();\n\t\t\t<\/script><\/div><!-- .wpforms-field-container --><div class=\"wpforms-submit-container\" ><input type=\"hidden\" name=\"wpforms[id]\" value=\"98\"><input type=\"hidden\" name=\"page_title\" value=\"\"><input type=\"hidden\" name=\"page_url\" value=\"https:\/\/votreia.fr\/index.php?rest_route=\/wp\/v2\/pages\/103\"><input type=\"hidden\" name=\"url_referer\" value=\"\"><button type=\"submit\" name=\"wpforms[submit]\" id=\"wpforms-submit-98\" class=\"wpforms-submit\" data-alt-text=\"Envoi...\" data-submit-text=\"Envoyer\" aria-live=\"assertive\" value=\"wpforms-submit\">Envoyer<\/button><img decoding=\"async\" src=\"https:\/\/votreia.fr\/wp-content\/plugins\/wpforms-lite\/assets\/images\/submit-spin.svg\" class=\"wpforms-submit-spinner\" style=\"display: none;\" width=\"26\" height=\"26\" alt=\"Chargement en cours\"><\/div><\/form><\/div>  <!-- .wpforms-container --><\/div>\n\t\t\t\t\t\t<\/div>\n\t\t\t\t<\/div>\n\t\t\t\t<\/div>\n\t\t<div class=\"elementor-element elementor-element-ac2cdc6 e-con-full e-flex e-con e-parent\" data-id=\"ac2cdc6\" data-element_type=\"container\" data-e-type=\"container\" data-settings=\"{&quot;background_background&quot;:&quot;classic&quot;}\">\n\t\t\t\t<div class=\"elementor-element elementor-element-eae854e elementor-widget elementor-widget-heading\" data-id=\"eae854e\" data-element_type=\"widget\" data-e-type=\"widget\" data-widget_type=\"heading.default\">\n\t\t\t\t\t<h2 class=\"elementor-heading-title elementor-size-default\">Pr\u00e9f\u00e9rez une d\u00e9mo en direct ?<\/h2>\t\t\t\t<\/div>\n\t\t\t\t<div class=\"elementor-element elementor-element-169a806 elementor-widget elementor-widget-text-editor\" data-id=\"169a806\" data-element_type=\"widget\" data-e-type=\"widget\" data-widget_type=\"text-editor.default\">\n\t\t\t\t\t\t\t\t\t<p style=\"color:#aaaaaa;font-size:18px;margin-bottom:30px;max-width:500px;margin-left:auto;margin-right:auto;\">D\u00e9couvrez Votre IA en action en 20 minutes chrono, sans engagement, sans carte bancaire.<\/p>\t\t\t\t\t\t\t\t<\/div>\n\t\t\t\t<div class=\"elementor-element elementor-element-4c10a3b elementor-align-center elementor-widget elementor-widget-button\" data-id=\"4c10a3b\" data-element_type=\"widget\" data-e-type=\"widget\" data-widget_type=\"button.default\">\n\t\t\t\t\t\t\t\t\t\t<a class=\"elementor-button elementor-button-link elementor-size-lg\" href=\"#\">\n\t\t\t\t\t\t<span class=\"elementor-button-content-wrapper\">\n\t\t\t\t\t\t\t\t\t<span class=\"elementor-button-text\">\ud83c\udfaf R\u00e9server ma d\u00e9mo gratuite<\/span>\n\t\t\t\t\t<\/span>\n\t\t\t\t\t<\/a>\n\t\t\t\t\t\t\t\t<\/div>\n\t\t\t\t<div class=\"elementor-element elementor-element-1b9f5e3 elementor-widget elementor-widget-text-editor\" data-id=\"1b9f5e3\" data-element_type=\"widget\" data-e-type=\"widget\" data-widget_type=\"text-editor.default\">\n\t\t\t\t\t\t\t\t\t<p style=\"color: #888; font-size: 13px; margin-top: 15px;\">\u2713 Sans engagement \u00a0\u2022\u00a0 \u2713 Sans carte bancaire \u00a0\u2022\u00a0 \u2713 20 minutes chrono<\/p>\t\t\t\t\t\t\t\t<\/div>\n\t\t\t\t<\/div>\n\t\t\t\t<\/div>\n\t\t","protected":false},"excerpt":{"rendered":"<p>\ud83d\udcec Contactez-nous Pr\u00eat \u00e0 transformer votre quotidien de coach ? R\u00e9servez une d\u00e9mo ou posez toutes vos questions \u2014 r\u00e9ponse sous 24h garantie. Pourquoi travailler avec nous ? \u26a1G\u00e9n\u00e9ration en secondesProgrammes, posts Instagram, suivis clients \u2014 cr\u00e9\u00e9s instantan\u00e9ment\ud83d\udee1\ufe0fGarantie 30 joursSatisfait ou rembours\u00e9, sans aucune condition ni question\ud83e\udd1dAccompagnement humainUn vrai suivi personnalis\u00e9 pour votre succ\u00e8s\ud83d\udcf1R\u00e9ponse sous&#8230;<\/p>\n","protected":false},"author":1,"featured_media":0,"parent":0,"menu_order":0,"comment_status":"closed","ping_status":"closed","template":"","meta":{"_surecart_dashboard_logo_width":"180px","_surecart_dashboard_show_logo":true,"_surecart_dashboard_navigation_orders":true,"_surecart_dashboard_navigation_invoices":true,"_surecart_dashboard_navigation_subscriptions":true,"_surecart_dashboard_navigation_downloads":true,"_surecart_dashboard_navigation_billing":true,"_surecart_dashboard_navigation_account":true,"_kad_post_transparent":"","_kad_post_title":"","_kad_post_layout":"","_kad_post_sidebar_id":"","_kad_post_content_style":"","_kad_post_vertical_padding":"","_kad_post_feature":"","_kad_post_feature_position":"","_kad_post_header":false,"_kad_post_footer":false,"_kad_post_classname":"","footnotes":""},"class_list":["post-103","page","type-page","status-publish","hentry"],"_links":{"self":[{"href":"https:\/\/votreia.fr\/index.php?rest_route=\/wp\/v2\/pages\/103","targetHints":{"allow":["GET"]}}],"collection":[{"href":"https:\/\/votreia.fr\/index.php?rest_route=\/wp\/v2\/pages"}],"about":[{"href":"https:\/\/votreia.fr\/index.php?rest_route=\/wp\/v2\/types\/page"}],"author":[{"embeddable":true,"href":"https:\/\/votreia.fr\/index.php?rest_route=\/wp\/v2\/users\/1"}],"replies":[{"embeddable":true,"href":"https:\/\/votreia.fr\/index.php?rest_route=%2Fwp%2Fv2%2Fcomments&post=103"}],"version-history":[{"count":10,"href":"https:\/\/votreia.fr\/index.php?rest_route=\/wp\/v2\/pages\/103\/revisions"}],"predecessor-version":[{"id":140,"href":"https:\/\/votreia.fr\/index.php?rest_route=\/wp\/v2\/pages\/103\/revisions\/140"}],"wp:attachment":[{"href":"https:\/\/votreia.fr\/index.php?rest_route=%2Fwp%2Fv2%2Fmedia&parent=103"}],"curies":[{"name":"wp","href":"https:\/\/api.w.org\/{rel}","templated":true}]}}